{"id":29726,"date":"2026-04-05T13:52:10","date_gmt":"2026-04-05T10:52:10","guid":{"rendered":"https:\/\/anilcanbay.com\/hanedan\/?page_id=29726"},"modified":"2026-04-05T13:52:11","modified_gmt":"2026-04-05T10:52:11","slug":"sikca-sorulan-sorular","status":"publish","type":"page","link":"https:\/\/anilcanbay.com\/hanedan\/sikca-sorulan-sorular\/","title":{"rendered":"S\u0131k\u00e7a Sorulan Sorular"},"content":{"rendered":"\n<p class=\"wp-block-wd-paragraph wd-dbf14357\"><strong>Sipari\u015fimin Durumu Nedir?<\/strong><\/p>\n\n\n\n<p class=\"wp-block-wd-paragraph wd-2456b7c1\">Sipari\u015f durumunuzu kontrol etmek i\u00e7in hesab\u0131n\u0131za giri\u015f yap\u0131n ve &#8220;Sipari\u015f Ge\u00e7mi\u015fi&#8221;ni t\u0131klay\u0131n.<\/p>\n\n\n\n<p class=\"wp-block-wd-paragraph wd-24c70f19\">E\u011fer \u00fcye olmadan sipari\u015f verdiyseniz Hanedan Whatsapp Destek Hatt\u0131ndan yard\u0131m alabilirsiniz.\u00a0<strong><u>0552 641 44 94<\/u><\/strong><\/p>\n\n\n\n<p class=\"wp-block-wd-paragraph wd-02c9f86b\"><strong>Kap\u0131da \u00d6deme Se\u00e7ene\u011fi Var M\u0131?<\/strong><\/p>\n\n\n\n<p class=\"wp-block-wd-paragraph wd-1707a948\">Maalesef bulunmamakta. Sadece kredi kart\u0131 ve banka havalesi ile \u00f6deme al\u0131yoruz. Kap\u0131da \u00f6deme y\u00f6ntemi ile sat\u0131n alma se\u00e7ene\u011fimiz yok.<\/p>\n\n\n\n<p class=\"wp-block-wd-paragraph wd-e5bc3c07\"><strong>\u00dcyelik Olu\u015fturmak Zorunda M\u0131y\u0131m?<\/strong><\/p>\n\n\n\n<p class=\"wp-block-wd-paragraph wd-e29308dc\">Hay\u0131r zorunda de\u011filsiniz. Ancak bir hesap olu\u015fturmak, g\u00f6nderi bilgilerinizi saklaman\u0131za, sipari\u015f ge\u00e7mi\u015fini g\u00f6rmenize ve \u00fcr\u00fcn\u00fcn\u00fcz\u00fcn garanti bilgilerini g\u00f6r\u00fcnt\u00fclemenize olanak tan\u0131r. Ayr\u0131ca web sitemizin sunmu\u015f oldu\u011fu indirim ve kampanyalardan faydalanabilirsiniz.<\/p>\n\n\n\n<p class=\"wp-block-wd-paragraph wd-c453ea1a\"><strong>Kargo \u00dccreti Bana M\u0131 Ait?<\/strong><\/p>\n\n\n\n<p class=\"wp-block-wd-paragraph wd-3c40dd79\">T\u00fcm \u00fcr\u00fcnlerimizi m\u00fc\u015fterilerimize kargo \u00fccretsiz g\u00f6nderiyoruz. G\u00f6nl\u00fcn\u00fczce sipari\u015f verebilirsiniz. Ayr\u0131ca sipari\u015f alt limitide bulunmamakta.<\/p>\n\n\n\n<p class=\"wp-block-wd-paragraph wd-8e8c54f9\"><strong>Cihaz montaj\u0131m\u0131 kim yapacak?<\/strong><\/p>\n\n\n\n<p class=\"wp-block-wd-paragraph wd-59645210\">Montaj dahil \u00fcr\u00fcnlerimizi tercih etmeniz halinde montaj bizim taraf\u0131m\u0131zdan kar\u015f\u0131lanacakt\u0131r. Ancak sizlere daha uygun \u00fcr\u00fcnler sunabilmek i\u00e7in montaj hizmeti k\u0131sm\u0131n\u0131 genel oalrak \u00fcr\u00fcnlerimizden \u00e7\u0131kard\u0131k. Kendiniz montaj\u0131n\u0131z\u0131 yapabilmeniz i\u00e7in sizlere kurulum \u015femalar\u0131 ve karekod video ile yard\u0131mc\u0131 olmaya \u00e7al\u0131\u015f\u0131yoruz.\u00a0<\/p>\n\n\n\n<p class=\"wp-block-wd-paragraph wd-f881ab33\"><strong>Cihaz Montaj\u0131 Nas\u0131l Yap\u0131l\u0131yor?<\/strong><\/p>\n\n\n\n<p class=\"wp-block-wd-paragraph wd-2cbdb545\">Montaj s\u00fcrecini 3 ana ba\u015fl\u0131kta k\u0131saca \u00f6zetleyebiliriz;<\/p>\n\n\n\n<p class=\"wp-block-wd-paragraph wd-d6d64e88\"><strong>Musluk montaj\u0131:<\/strong><\/p>\n\n\n\n<p class=\"wp-block-wd-paragraph wd-551ef69b\">Mutfak tezg\u00e2h\u0131n\u0131za matkap yard\u0131m\u0131yla 12 mm \u00e7ap\u0131nda bir delik a\u00e7\u0131l\u0131r. Bu delik \u00fczerine su ar\u0131tma muslu\u011funuz monte edilir.<\/p>\n\n\n\n<p class=\"wp-block-wd-paragraph wd-f2842d79\"><strong>Tesisat montaj\u0131:<\/strong><\/p>\n\n\n\n<ul class=\"wp-block-list\">\n<li>Tezg\u00e2h alt\u0131 \u015febeke suyu giri\u015finizin so\u011fuk su tesisat\u0131na bir hat alma aparat\u0131 ba\u011flan\u0131r. Bu aparat sayesinde cihaz\u0131n\u0131z\u0131n \u015febeke suyu ba\u011flant\u0131s\u0131 sa\u011flan\u0131r.<\/li>\n\n\n\n<li>Cihaz\u0131n at\u0131k su \u00e7\u0131k\u0131\u015f\u0131ndan gider borusuna ba\u011flant\u0131 sa\u011flan\u0131r.<\/li>\n\n\n\n<li>Cihaz\u0131n temiz su \u00e7\u0131k\u0131\u015f\u0131ndan su ar\u0131tma muslu\u011funa ba\u011flant\u0131 sa\u011flan\u0131r.<\/li>\n<\/ul>\n\n\n\n<p class=\"wp-block-wd-paragraph wd-d801cfe6\"><strong>Filtrelerin haz\u0131rlanmas\u0131:<\/strong><\/p>\n\n\n\n<p class=\"wp-block-wd-paragraph wd-a0d87e02\">Cihaza \u015febeke suyu verilip 3 numaral\u0131 filtreden d\u0131\u015far\u0131 ak\u0131tmak suretiyle 1, 2 ve 3 numaral\u0131 filtrelerin temizlenme i\u015flemi yap\u0131l\u0131r. Bu i\u015flem sayesinde filtrelerin i\u00e7erisindeki karbon tozlar\u0131 suyla birlikte at\u0131l\u0131r ve membran filtrenin erken t\u0131kanmas\u0131n\u0131n \u00f6n\u00fcne ge\u00e7ilir. Sonras\u0131nda membran filtre paketinden \u00e7\u0131kar\u0131l\u0131r ve membran kab\u0131na yerle\u015ftirilir. 2 defa tank\u0131n doldurulup bo\u015falt\u0131mas\u0131 ile y\u0131kama i\u015flemine devam edilir.<\/p>\n\n\n\n<p class=\"wp-block-wd-paragraph wd-6e8610ad\">Son olarak cihaz\u0131n do\u011fru \u00e7al\u0131\u015f\u0131p \u00e7al\u0131\u015fmad\u0131\u011f\u0131, ba\u011flant\u0131larda bir s\u0131z\u0131nt\u0131 olup olmad\u0131\u011f\u0131 kontrol edilir ve montaj i\u015flemi tamamlan\u0131r.<\/p>\n\n\n\n<p class=\"wp-block-wd-paragraph wd-5209daa0\"><strong><br>\u00a0<br>\u00a0\u00dcr\u00fcn\u00fc Teslim Al\u0131rken Nelere Dikkat Etmelisiniz?<\/strong><\/p>\n\n\n\n<p class=\"wp-block-wd-paragraph wd-c896dfa6\">Kolinin Islak, Y\u0131rt\u0131k, Ezik ve Par\u00e7alanm\u0131\u015f olmas\u0131 normal de\u011fildir. Taraf\u0131m\u0131zdan hi\u00e7 bir m\u00fc\u015fterimize bu \u015fekilde \u00fcr\u00fcn g\u00f6ndeirlmemektedir. T\u00fcm \u00fcr\u00fcnlerimizi sa\u011flam ve \u00f6zenle paketliyoruz. Ancak kargo kaynakl\u0131 bu sorunlar ya\u015fand\u0131\u011f\u0131nda yapman\u0131z gereken kolileri teslim almay\u0131p, kargo \u00e7al\u0131\u015fan\u0131 ile tutanak tutmal\u0131s\u0131n\u0131z.<\/p>\n","protected":false},"excerpt":{"rendered":"","protected":false},"author":1,"featured_media":0,"parent":0,"menu_order":0,"comment_status":"closed","ping_status":"closed","template":"","meta":{"inline_featured_image":false,"footnotes":""},"class_list":["post-29726","page","type-page","status-publish","hentry"],"_links":{"self":[{"href":"https:\/\/anilcanbay.com\/hanedan\/wp-json\/wp\/v2\/pages\/29726","targetHints":{"allow":["GET"]}}],"collection":[{"href":"https:\/\/anilcanbay.com\/hanedan\/wp-json\/wp\/v2\/pages"}],"about":[{"href":"https:\/\/anilcanbay.com\/hanedan\/wp-json\/wp\/v2\/types\/page"}],"author":[{"embeddable":true,"href":"https:\/\/anilcanbay.com\/hanedan\/wp-json\/wp\/v2\/users\/1"}],"replies":[{"embeddable":true,"href":"https:\/\/anilcanbay.com\/hanedan\/wp-json\/wp\/v2\/comments?post=29726"}],"version-history":[{"count":1,"href":"https:\/\/anilcanbay.com\/hanedan\/wp-json\/wp\/v2\/pages\/29726\/revisions"}],"predecessor-version":[{"id":29727,"href":"https:\/\/anilcanbay.com\/hanedan\/wp-json\/wp\/v2\/pages\/29726\/revisions\/29727"}],"wp:attachment":[{"href":"https:\/\/anilcanbay.com\/hanedan\/wp-json\/wp\/v2\/media?parent=29726"}],"curies":[{"name":"wp","href":"https:\/\/api.w.org\/{rel}","templated":true}]}}