{"id":29020,"date":"2026-04-01T19:57:45","date_gmt":"2026-04-01T16:57:45","guid":{"rendered":"https:\/\/anilcanbay.com\/hanedan\/?post_type=product&#038;p=29020"},"modified":"2026-04-07T10:41:41","modified_gmt":"2026-04-07T07:41:41","slug":"h-max-kapali-kasa-su-aritma-cihazlarina-uyumlu-5li-filtre-seti-80-gpd-hmax-membran-a0055","status":"publish","type":"product","link":"https:\/\/anilcanbay.com\/hanedan\/product\/h-max-kapali-kasa-su-aritma-cihazlarina-uyumlu-5li-filtre-seti-80-gpd-hmax-membran-a0055\/","title":{"rendered":"H-MAX Kapal\u0131 Kasa Su Ar\u0131tma Cihazlar\u0131na Uyumlu 5&#8217;l\u0131 Filtre Seti 80 GPD HMAX Membran &#8211; A0055"},"content":{"rendered":"<ul>\n<li>\u0130lk 3 filtrenin y\u0131kamas\u0131n\u0131 do\u011fru bir \u015fekilde yapt\u0131ktan sonra cihaz doldur bo\u015falt yap\u0131lmal\u0131d\u0131r. D\u00fczg\u00fcn bir \u015fekilde montaj\u0131 yap\u0131lmayan \u00fcr\u00fcn cihaz\u0131n\u0131z\u0131 bozacakt\u0131r. Daha Kaliteli bir su t\u00fcketimi i\u00e7in s\u00fcper membran\u0131 \u00f6neriyoruz! \u00dcr\u00fcn \u0130\u00e7eri\u011fi 1 Adet H-MAX 1 Micron Sediment Filtre<\/li>\n<li>1 Adet H-MAX 5 Micron Sediment Filtre<\/li>\n<li>1 Adet H-MAX GAC Karbon Filtre<\/li>\n<li>1 Adet H-MAX Tatland\u0131r\u0131c\u0131 Filtre<\/li>\n<li>1 Adet 80 GPD H-MAX Membran Filtre<\/li>\n<li>7 Adet L , 1 Adet T Dirsek<\/li>\n<li>Kutu i\u00e7erisinde bulunmaktad\u0131r. \u0130nline Filtrelerimiz 12 inc dir. 27 cm y\u00fcksekli\u011fi, 6,5 cm \u00e7ap\u0131 bulunmaktad\u0131r. Mineral, tatland\u0131r\u0131c\u0131 ve alkali filtrelerimiz 26 cm y\u00fcksekli\u011fe ve 5 cm \u00e7apa sahiptir. \u00dcretim ve da\u011f\u0131t\u0131mlar\u0131 Hanedan Su Ar\u0131tma ve Hmax Ar\u0131t\u0131m taraf\u0131ndan yap\u0131lmaktad\u0131r. \u00fcr\u00fcnler taraf\u0131m\u0131zca sa\u011flanmaktad\u0131r.<\/li>\n<\/ul>\n","protected":false},"excerpt":{"rendered":"<h2>H-MAX \u0130nline 3&#8217;l\u00fc filtre, H-MAX Post Carbon, H-MAX 80 GPD Membran ve gerekli t\u00fcm ba\u011flant\u0131 par\u00e7alar\u0131n\u0131 i\u00e7erir.<\/h2>\n","protected":false},"featured_media":29692,"comment_status":"open","ping_status":"closed","template":"","meta":{"inline_featured_image":false},"product_brand":[2850],"product_cat":[2841,2840],"product_tag":[228,185,183,179,180,227,178,184,229,230,231,232,233,234,235,236,237,238,267,239,252,253,254,240,245,246,247,241,242,243,244,248,249,250,251,255,260,261,262,256,257,258,259,263,264,265,266,188,189,190],"class_list":{"0":"post-29020","1":"product","2":"type-product","3":"status-publish","4":"has-post-thumbnail","6":"product_brand-h-max-reverse-osmosis-system","7":"product_cat-kapali-kasa-su-aritma-filtreleri","8":"product_cat-su-aritma-filtreleri","9":"product_tag-5-filtre-filtre-setleri","10":"product_tag-5li-filtre-seti","11":"product_tag-cebelion-silver-uyumlu-filtre-seti","12":"product_tag-hanedan-5li-filtre-seti","13":"product_tag-hmax-5li-filtre-seti","14":"product_tag-hmax-5li-set-hmax-filtre","15":"product_tag-ihlas-auro-cebelion-plus-uyumlu","16":"product_tag-ihlas-uyumlu-filtre-seti","17":"product_tag-kapali","18":"product_tag-kapali-kasa","19":"product_tag-kapali-kasa-su","20":"product_tag-kapali-kasa-su-aritma","21":"product_tag-kapali-kasa-su-aritma-cihazlarina","22":"product_tag-kapali-kasa-su-aritma-cihazlarina-uyumlu","23":"product_tag-kapali-kasa-su-aritma-cihazlarina-uyumlu-5li","24":"product_tag-kapali-kasa-su-aritma-cihazlarina-uyumlu-5li-filtre","25":"product_tag-kapali-kasa-su-aritma-cihazlarina-uyumlu-5li-filtre-seti","26":"product_tag-kapali-kasa-su-aritma-cihazlarina-uyumlu-5li-filtre-seti-80","27":"product_tag-kapali-kasa-su-aritma-cihazlarina-uyumlu-5li-filtre-seti-80-2","28":"product_tag-kapali-kasa-su-aritma-cihazlarina-uyumlu-5li-filtre-seti-80-gpd","29":"product_tag-kapali-kasa-su-aritma-cihazlarina-uyumlu-5li-filtre-seti-80-gpd-2","30":"product_tag-kapali-kasa-su-aritma-cihazlarina-uyumlu-5li-filtre-seti-80-gpd-a0055","31":"product_tag-kapali-kasa-su-aritma-cihazlarina-uyumlu-5li-filtre-seti-80-gpd-a0055-2","32":"product_tag-kapali-kasa-su-aritma-cihazlarina-uyumlu-5li-filtre-seti-80-gpd-hmax","33":"product_tag-kapali-kasa-su-aritma-cihazlarina-uyumlu-5li-filtre-seti-80-gpd-hmax-2","34":"product_tag-kapali-kasa-su-aritma-cihazlarina-uyumlu-5li-filtre-seti-80-gpd-hmax-a0055","35":"product_tag-kapali-kasa-su-aritma-cihazlarina-uyumlu-5li-filtre-seti-80-gpd-hmax-a0055-2","36":"product_tag-kapali-kasa-su-aritma-cihazlarina-uyumlu-5li-filtre-seti-80-gpd-hmax-membran","37":"product_tag-kapali-kasa-su-aritma-cihazlarina-uyumlu-5li-filtre-seti-80-gpd-hmax-membran-2","38":"product_tag-kapali-kasa-su-aritma-cihazlarina-uyumlu-5li-filtre-seti-80-gpd-hmax-membran-a0055","39":"product_tag-kapali-kasa-su-aritma-cihazlarina-uyumlu-5li-filtre-seti-80-gpd-hmax-membran-a0055-2","40":"product_tag-kapali-kasa-su-aritma-cihazlarina-uyumlu-5li-filtre-seti-80-gpd-membran","41":"product_tag-kapali-kasa-su-aritma-cihazlarina-uyumlu-5li-filtre-seti-80-gpd-membran-2","42":"product_tag-kapali-kasa-su-aritma-cihazlarina-uyumlu-5li-filtre-seti-80-gpd-membran-a0055","43":"product_tag-kapali-kasa-su-aritma-cihazlarina-uyumlu-5li-filtre-seti-80-gpd-membran-a0055-2","44":"product_tag-kapali-kasa-su-aritma-cihazlarina-uyumlu-5li-filtre-seti-80-hmax","45":"product_tag-kapali-kasa-su-aritma-cihazlarina-uyumlu-5li-filtre-seti-80-hmax-2","46":"product_tag-kapali-kasa-su-aritma-cihazlarina-uyumlu-5li-filtre-seti-80-hmax-a0055","47":"product_tag-kapali-kasa-su-aritma-cihazlarina-uyumlu-5li-filtre-seti-80-hmax-a0055-2","48":"product_tag-kapali-kasa-su-aritma-cihazlarina-uyumlu-5li-filtre-seti-80-hmax-membran","49":"product_tag-kapali-kasa-su-aritma-cihazlarina-uyumlu-5li-filtre-seti-80-hmax-membran-2","50":"product_tag-kapali-kasa-su-aritma-cihazlarina-uyumlu-5li-filtre-seti-80-hmax-membran-a0055","51":"product_tag-kapali-kasa-su-aritma-cihazlarina-uyumlu-5li-filtre-seti-80-hmax-membran-a0055-2","52":"product_tag-kapali-kasa-su-aritma-cihazlarina-uyumlu-5li-filtre-seti-80-membran","53":"product_tag-kapali-kasa-su-aritma-cihazlarina-uyumlu-5li-filtre-seti-80-membran-2","54":"product_tag-kapali-kasa-su-aritma-cihazlarina-uyumlu-5li-filtre-seti-80-membran-a0055","55":"product_tag-kapali-kasa-su-aritma-cihazlarina-uyumlu-5li-filtre-seti-80-membran-a0055-2","56":"product_tag-su-aritma-cihazi-5li-filtre-seti","57":"product_tag-su-aritma-cihazi-filtresi","58":"product_tag-su-aritma-filtresi","60":"first","61":"instock","62":"sale","63":"shipping-taxable","64":"purchasable","65":"product-type-simple"},"_links":{"self":[{"href":"https:\/\/anilcanbay.com\/hanedan\/wp-json\/wp\/v2\/product\/29020","targetHints":{"allow":["GET"]}}],"collection":[{"href":"https:\/\/anilcanbay.com\/hanedan\/wp-json\/wp\/v2\/product"}],"about":[{"href":"https:\/\/anilcanbay.com\/hanedan\/wp-json\/wp\/v2\/types\/product"}],"replies":[{"embeddable":true,"href":"https:\/\/anilcanbay.com\/hanedan\/wp-json\/wp\/v2\/comments?post=29020"}],"version-history":[{"count":1,"href":"https:\/\/anilcanbay.com\/hanedan\/wp-json\/wp\/v2\/product\/29020\/revisions"}],"predecessor-version":[{"id":29050,"href":"https:\/\/anilcanbay.com\/hanedan\/wp-json\/wp\/v2\/product\/29020\/revisions\/29050"}],"wp:featuredmedia":[{"embeddable":true,"href":"https:\/\/anilcanbay.com\/hanedan\/wp-json\/wp\/v2\/media\/29692"}],"wp:attachment":[{"href":"https:\/\/anilcanbay.com\/hanedan\/wp-json\/wp\/v2\/media?parent=29020"}],"wp:term":[{"taxonomy":"product_brand","embeddable":true,"href":"https:\/\/anilcanbay.com\/hanedan\/wp-json\/wp\/v2\/product_brand?post=29020"},{"taxonomy":"product_cat","embeddable":true,"href":"https:\/\/anilcanbay.com\/hanedan\/wp-json\/wp\/v2\/product_cat?post=29020"},{"taxonomy":"product_tag","embeddable":true,"href":"https:\/\/anilcanbay.com\/hanedan\/wp-json\/wp\/v2\/product_tag?post=29020"}],"curies":[{"name":"wp","href":"https:\/\/api.w.org\/{rel}","templated":true}]}}