{"id":29084,"date":"2026-04-01T19:58:00","date_gmt":"2026-04-01T16:58:00","guid":{"rendered":"https:\/\/anilcanbay.com\/hanedan\/?post_type=product&#038;p=29084"},"modified":"2026-04-07T01:03:17","modified_gmt":"2026-04-06T22:03:17","slug":"daire-girisi-housing-kap-0173","status":"publish","type":"product","link":"https:\/\/anilcanbay.com\/hanedan\/product\/daire-girisi-housing-kap-0173\/","title":{"rendered":"Daire Giri\u015fi Housing Kap -0173"},"content":{"rendered":"<p>Daire giri\u015fi i\u00e7in housing kap<\/p>\n<p>24,5 cm Y\u00fcksekli\u011fi&nbsp;<br \/>\n10 cm \u00e7ap\u0131 bulunmaktad\u0131r.<\/p>\n","protected":false},"excerpt":{"rendered":"<p>Daire Giri\u015fi Housing Kap<\/p>\n","protected":false},"featured_media":29574,"comment_status":"open","ping_status":"closed","template":"","meta":{"inline_featured_image":false},"product_brand":[2854],"product_cat":[2846,2849],"product_tag":[1245,1260,1246,1253,1247,1250,1248,1249,1251,1252,1254,1257,1255,1256,1258,1259,889,86,888,891,892,893,896,894,895,899,897,898,900,903,901,902,906,904,905,907,908,911,909,910,914,912,913,915,918,916,917,919,920,890],"class_list":{"0":"post-29084","1":"product","2":"type-product","3":"status-publish","4":"has-post-thumbnail","6":"product_brand-pluskit","7":"product_cat-su-aritma-yedek-parcalari","8":"product_cat-yedek-parca","9":"product_tag-daire","10":"product_tag-daire-0173","11":"product_tag-daire-girisi","12":"product_tag-daire-girisi-0173","13":"product_tag-daire-girisi-housing","14":"product_tag-daire-girisi-housing-0173","15":"product_tag-daire-girisi-housing-kap","16":"product_tag-daire-girisi-housing-kap-0173","17":"product_tag-daire-girisi-kap","18":"product_tag-daire-girisi-kap-0173","19":"product_tag-daire-housing","20":"product_tag-daire-housing-0173","21":"product_tag-daire-housing-kap","22":"product_tag-daire-housing-kap-0173","23":"product_tag-daire-kap","24":"product_tag-daire-kap-0173","25":"product_tag-kacak-su","26":"product_tag-su-aritma","27":"product_tag-su-aritma-cihazi-kacak-su-sensoru","28":"product_tag-su-aritma-cihazlari","29":"product_tag-su-aritma-cihazlari-icin","30":"product_tag-su-aritma-cihazlari-icin-kacak","31":"product_tag-su-aritma-cihazlari-icin-kacak-sensoru","32":"product_tag-su-aritma-cihazlari-icin-kacak-su","33":"product_tag-su-aritma-cihazlari-icin-kacak-su-sensoru","34":"product_tag-su-aritma-cihazlari-icin-sensoru","35":"product_tag-su-aritma-cihazlari-icin-su","36":"product_tag-su-aritma-cihazlari-icin-su-sensoru","37":"product_tag-su-aritma-cihazlari-kacak","38":"product_tag-su-aritma-cihazlari-kacak-sensoru","39":"product_tag-su-aritma-cihazlari-kacak-su","40":"product_tag-su-aritma-cihazlari-kacak-su-sensoru","41":"product_tag-su-aritma-cihazlari-sensoru","42":"product_tag-su-aritma-cihazlari-su","43":"product_tag-su-aritma-cihazlari-su-sensoru","44":"product_tag-su-aritma-icin","45":"product_tag-su-aritma-icin-kacak","46":"product_tag-su-aritma-icin-kacak-sensoru","47":"product_tag-su-aritma-icin-kacak-su","48":"product_tag-su-aritma-icin-kacak-su-sensoru","49":"product_tag-su-aritma-icin-sensoru","50":"product_tag-su-aritma-icin-su","51":"product_tag-su-aritma-icin-su-sensoru","52":"product_tag-su-aritma-kacak","53":"product_tag-su-aritma-kacak-sensoru","54":"product_tag-su-aritma-kacak-su","55":"product_tag-su-aritma-kacak-su-sensoru","56":"product_tag-su-aritma-su","57":"product_tag-su-aritma-su-sensoru","58":"product_tag-su-sizmasi","60":"first","61":"instock","62":"sale","63":"shipping-taxable","64":"purchasable","65":"product-type-simple"},"_links":{"self":[{"href":"https:\/\/anilcanbay.com\/hanedan\/wp-json\/wp\/v2\/product\/29084","targetHints":{"allow":["GET"]}}],"collection":[{"href":"https:\/\/anilcanbay.com\/hanedan\/wp-json\/wp\/v2\/product"}],"about":[{"href":"https:\/\/anilcanbay.com\/hanedan\/wp-json\/wp\/v2\/types\/product"}],"replies":[{"embeddable":true,"href":"https:\/\/anilcanbay.com\/hanedan\/wp-json\/wp\/v2\/comments?post=29084"}],"version-history":[{"count":1,"href":"https:\/\/anilcanbay.com\/hanedan\/wp-json\/wp\/v2\/product\/29084\/revisions"}],"predecessor-version":[{"id":29114,"href":"https:\/\/anilcanbay.com\/hanedan\/wp-json\/wp\/v2\/product\/29084\/revisions\/29114"}],"wp:featuredmedia":[{"embeddable":true,"href":"https:\/\/anilcanbay.com\/hanedan\/wp-json\/wp\/v2\/media\/29574"}],"wp:attachment":[{"href":"https:\/\/anilcanbay.com\/hanedan\/wp-json\/wp\/v2\/media?parent=29084"}],"wp:term":[{"taxonomy":"product_brand","embeddable":true,"href":"https:\/\/anilcanbay.com\/hanedan\/wp-json\/wp\/v2\/product_brand?post=29084"},{"taxonomy":"product_cat","embeddable":true,"href":"https:\/\/anilcanbay.com\/hanedan\/wp-json\/wp\/v2\/product_cat?post=29084"},{"taxonomy":"product_tag","embeddable":true,"href":"https:\/\/anilcanbay.com\/hanedan\/wp-json\/wp\/v2\/product_tag?post=29084"}],"curies":[{"name":"wp","href":"https:\/\/api.w.org\/{rel}","templated":true}]}}