{"id":29091,"date":"2026-04-01T19:58:02","date_gmt":"2026-04-01T16:58:02","guid":{"rendered":"https:\/\/anilcanbay.com\/hanedan\/?post_type=product&#038;p=29091"},"modified":"2026-04-06T23:31:27","modified_gmt":"2026-04-06T20:31:27","slug":"su-aritma-cihazlari-icin-quick-girisli-check-valf-vana-0098","status":"publish","type":"product","link":"https:\/\/anilcanbay.com\/hanedan\/product\/su-aritma-cihazlari-icin-quick-girisli-check-valf-vana-0098\/","title":{"rendered":"Su Ar\u0131tma Cihazlar\u0131 I\u00e7in Quick Giri\u015fli Check Valf Vana &#8211; 0098"},"content":{"rendered":"<p>Check valve, ak\u0131\u015fkanlar\u0131n tek y\u00f6nl\u00fc ge\u00e7i\u015fini sa\u011flayan ve geri ak\u0131\u015f\u0131 engelleyen \u00f6nemli bir tesisat par\u00e7as\u0131d\u0131r. End\u00fcstriyel sistemlerde yayg\u0131n olarak kullan\u0131lan bu valfler, g\u00fcvenilir performans ve uzun \u00f6m\u00fcrleriyle \u00f6ne \u00e7\u0131kar. Check valve \u00e7e\u015fitlerini ke\u015ffedin ve ak\u0131\u015f kontrol\u00fcnde g\u00fcvenilir bir \u00e7\u00f6z\u00fcm elde edin.<\/p>\n<p>&nbsp;<\/p>\n","protected":false},"excerpt":{"rendered":"<p>Su Ar\u0131tma C\u0131haz\u0131 \u00c7ek Valf, Dirsek \u015eeklinde, Quick Ge\u00e7me 6 Mm Hortum Ba\u011flant\u0131l\u0131<\/p>\n","protected":false},"featured_media":29538,"comment_status":"open","ping_status":"closed","template":"","meta":{"inline_featured_image":false},"product_brand":[2854],"product_cat":[2846,2849],"product_tag":[1359,1361,1368,1358,1366,1363,1365,1360,1357,1356,1364,1362,1369,1355,86,386,1441,1442,1443,1444,1445,1446,1463,1470,1468,1469,1464,1467,1465,1466,1447,1448,1455,1453,1454,1449,1452,1450,1451,1462,1460,1461,1456,1459,1457,1458,1471,1472,1473,1367],"class_list":{"0":"post-29091","1":"product","2":"type-product","3":"status-publish","4":"has-post-thumbnail","6":"product_brand-pluskit","7":"product_cat-su-aritma-yedek-parcalari","8":"product_cat-yedek-parca","9":"product_tag-3-8","10":"product_tag-aparat","11":"product_tag-arvepa","12":"product_tag-conta","13":"product_tag-ev-tipi-su-aritma","14":"product_tag-evora","15":"product_tag-evsel-cihaz","16":"product_tag-hat","17":"product_tag-hat-alma","18":"product_tag-iadefix","19":"product_tag-koctas","20":"product_tag-ns-natural-su-aritma","21":"product_tag-pera-water","22":"product_tag-ptt-avm","23":"product_tag-su-aritma","24":"product_tag-su-aritma-cihazi","25":"product_tag-su-aritma-cihazi-2","26":"product_tag-su-aritma-cihazi-cek","27":"product_tag-su-aritma-cihazi-cek-valf","28":"product_tag-su-aritma-cihazi-cek-valf-dirsek","29":"product_tag-su-aritma-cihazi-cek-valf-dirsek-seklinde","30":"product_tag-su-aritma-cihazi-cek-valf-dirsek-seklinde-quick","31":"product_tag-su-aritma-cihazi-cek-valf-dirsek-seklinde-quick-6","32":"product_tag-su-aritma-cihazi-cek-valf-dirsek-seklinde-quick-6-baglantili","33":"product_tag-su-aritma-cihazi-cek-valf-dirsek-seklinde-quick-6-hortum","34":"product_tag-su-aritma-cihazi-cek-valf-dirsek-seklinde-quick-6-hortum-baglantili","35":"product_tag-su-aritma-cihazi-cek-valf-dirsek-seklinde-quick-6-mm","36":"product_tag-su-aritma-cihazi-cek-valf-dirsek-seklinde-quick-6-mm-baglantili","37":"product_tag-su-aritma-cihazi-cek-valf-dirsek-seklinde-quick-6-mm-hortum","38":"product_tag-su-aritma-cihazi-cek-valf-dirsek-seklinde-quick-6-mm-hortum-baglantili","39":"product_tag-su-aritma-cihazi-cek-valf-dirsek-seklinde-quick-gecme","40":"product_tag-su-aritma-cihazi-cek-valf-dirsek-seklinde-quick-gecme-6","41":"product_tag-su-aritma-cihazi-cek-valf-dirsek-seklinde-quick-gecme-6-baglantili","42":"product_tag-su-aritma-cihazi-cek-valf-dirsek-seklinde-quick-gecme-6-hortum","43":"product_tag-su-aritma-cihazi-cek-valf-dirsek-seklinde-quick-gecme-6-hortum-baglantili","44":"product_tag-su-aritma-cihazi-cek-valf-dirsek-seklinde-quick-gecme-6-mm","45":"product_tag-su-aritma-cihazi-cek-valf-dirsek-seklinde-quick-gecme-6-mm-baglantili","46":"product_tag-su-aritma-cihazi-cek-valf-dirsek-seklinde-quick-gecme-6-mm-hortum","47":"product_tag-su-aritma-cihazi-cek-valf-dirsek-seklinde-quick-gecme-6-mm-hortum-baglantili","48":"product_tag-su-aritma-cihazi-cek-valf-dirsek-seklinde-quick-gecme-baglantili","49":"product_tag-su-aritma-cihazi-cek-valf-dirsek-seklinde-quick-gecme-hortum","50":"product_tag-su-aritma-cihazi-cek-valf-dirsek-seklinde-quick-gecme-hortum-baglantili","51":"product_tag-su-aritma-cihazi-cek-valf-dirsek-seklinde-quick-gecme-mm","52":"product_tag-su-aritma-cihazi-cek-valf-dirsek-seklinde-quick-gecme-mm-baglantili","53":"product_tag-su-aritma-cihazi-cek-valf-dirsek-seklinde-quick-gecme-mm-hortum","54":"product_tag-su-aritma-cihazi-cek-valf-dirsek-seklinde-quick-gecme-mm-hortum-baglantili","55":"product_tag-su-aritma-cihazi-cek-valf-dirsek-seklinde-quick-mm","56":"product_tag-su-aritma-cihazi-cek-valf-dirsek-seklinde-quick-mm-hortum","57":"product_tag-su-aritma-cihazi-cek-valf-dirsek-seklinde-quick-mm-hortum-baglantili","58":"product_tag-watermelon","60":"first","61":"instock","62":"sale","63":"shipping-taxable","64":"purchasable","65":"product-type-simple"},"_links":{"self":[{"href":"https:\/\/anilcanbay.com\/hanedan\/wp-json\/wp\/v2\/product\/29091","targetHints":{"allow":["GET"]}}],"collection":[{"href":"https:\/\/anilcanbay.com\/hanedan\/wp-json\/wp\/v2\/product"}],"about":[{"href":"https:\/\/anilcanbay.com\/hanedan\/wp-json\/wp\/v2\/types\/product"}],"replies":[{"embeddable":true,"href":"https:\/\/anilcanbay.com\/hanedan\/wp-json\/wp\/v2\/comments?post=29091"}],"version-history":[{"count":1,"href":"https:\/\/anilcanbay.com\/hanedan\/wp-json\/wp\/v2\/product\/29091\/revisions"}],"predecessor-version":[{"id":29121,"href":"https:\/\/anilcanbay.com\/hanedan\/wp-json\/wp\/v2\/product\/29091\/revisions\/29121"}],"wp:featuredmedia":[{"embeddable":true,"href":"https:\/\/anilcanbay.com\/hanedan\/wp-json\/wp\/v2\/media\/29538"}],"wp:attachment":[{"href":"https:\/\/anilcanbay.com\/hanedan\/wp-json\/wp\/v2\/media?parent=29091"}],"wp:term":[{"taxonomy":"product_brand","embeddable":true,"href":"https:\/\/anilcanbay.com\/hanedan\/wp-json\/wp\/v2\/product_brand?post=29091"},{"taxonomy":"product_cat","embeddable":true,"href":"https:\/\/anilcanbay.com\/hanedan\/wp-json\/wp\/v2\/product_cat?post=29091"},{"taxonomy":"product_tag","embeddable":true,"href":"https:\/\/anilcanbay.com\/hanedan\/wp-json\/wp\/v2\/product_tag?post=29091"}],"curies":[{"name":"wp","href":"https:\/\/api.w.org\/{rel}","templated":true}]}}