{"id":29093,"date":"2026-04-01T19:58:03","date_gmt":"2026-04-01T16:58:03","guid":{"rendered":"https:\/\/anilcanbay.com\/hanedan\/?post_type=product&#038;p=29093"},"modified":"2026-04-06T23:20:53","modified_gmt":"2026-04-06T20:20:53","slug":"8-litre-metal-anti-bakteriyel-2-8-galon-su-aritma-cihazi-tanki-0094","status":"publish","type":"product","link":"https:\/\/anilcanbay.com\/hanedan\/product\/8-litre-metal-anti-bakteriyel-2-8-galon-su-aritma-cihazi-tanki-0094\/","title":{"rendered":"8 Litre Metal Anti-bakteriyel 2.8 Galon Su Ar\u0131tma Cihaz\u0131 Tank\u0131 &#8211; 0094"},"content":{"rendered":"<p>Su ar\u0131tma sisteminin muslu\u011fu a\u00e7\u0131ld\u0131\u011f\u0131nda istikrarl\u0131 ve s\u00fcrekli su ak\u0131\u015f\u0131 sa\u011flamas\u0131 i\u00e7in tasarlanm\u0131\u015f \u00fcr\u00fcnlerdir ve Reverse Osmosis su ar\u0131tma sistemlerinde kullan\u0131l\u0131r.<\/p>\n<p>Tank d\u0131\u015f taraf\u0131, epoksi astarlama \u00fczerine yap\u0131lan beyaz renkli iki par\u00e7al\u0131 poli\u00fcretan antibakteriyel boya korumal\u0131d\u0131r.<\/p>\n<p>Sudaki kirletici etkenlerden korunmak i\u00e7in Ro tanklar\u0131 paslanmaz \u00e7elik g\u00f6vde ve ba\u011flant\u0131l\u0131 olarak &nbsp;\u00fcretilmektedir.<\/p>\n<p>Metal diyafram tipindeki genle\u015fme tank\u0131 tasar\u0131m\u0131 istikrarl\u0131 su ak\u0131\u015f\u0131n\u0131 sa\u011flar. Metal g\u00f6vde plastik g\u00f6vdeye g\u00f6re bas\u0131nca daha dayan\u0131kl\u0131d\u0131r. Metalin d\u00fc\u015f\u00fck molek\u00fcler g\u00f6zeneklili\u011fi i\u00e7indeki havan\u0131n bas\u0131n\u00e7 kayb\u0131n\u0131 engeller.<\/p>\n<p>\u0130\u00e7eriden O-ring&#8217;li pirin\u00e7 sibop hava giri\u015finden hava ka\u00e7\u0131rmas\u0131n\u0131 \u00f6nler. P\u00fcr\u00fczs\u00fcz i\u00e7 havaland\u0131rma ba\u015fl\u0131\u011f\u0131 diyafram\u0131 hasardan korur.<\/p>\n<p>\u00d6zel i\u015flemlerden ge\u00e7mi\u015f y\u00fcksek butil (kau\u00e7uk yap\u0131\u015fkan) diyafram, tats\u0131z ve kokusuz bir su haznesidir.<\/p>\n<p>CE Belgelidir. (CE, belgesi, \u00fcr\u00fcnlerin, amac\u0131na uygun kullan\u0131lmas\u0131 halinde insan can ve mal g\u00fcvenli\u011fi, bitki ve hayvan varl\u0131\u011f\u0131 ile \u00e7evreye zarar vermeyece\u011fini, di\u011fer bir ifadeyle \u00fcr\u00fcn\u00fcn g\u00fcvenli bir \u00fcr\u00fcn oldu\u011funu g\u00f6steren bir i\u015farettir.)<\/p>\n","protected":false},"excerpt":{"rendered":"<p>8 Litre Su Ar\u0131tma Cihaz\u0131 Genle\u015fme Tank\u0131<\/p>\n","protected":false},"featured_media":29526,"comment_status":"open","ping_status":"closed","template":"","meta":{"inline_featured_image":false},"product_brand":[2854],"product_cat":[2846,2849],"product_tag":[1505,1506,1503,1504,1508,1509,1510,1511,1544,1545,1546,1547,1548,1512,1541,1542,1543,1513,1526,1527,1528,1514,1519,1520,1521,1515,1516,1517,1518,1522,1523,1524,1525,1529,1534,1535,1536,1530,1531,1532,1533,1537,1538,1539,1540,1502,386,1501,1507],"class_list":{"0":"post-29093","1":"product","2":"type-product","3":"status-publish","4":"has-post-thumbnail","6":"product_brand-pluskit","7":"product_cat-su-aritma-yedek-parcalari","8":"product_cat-yedek-parca","9":"product_tag-2-8-gall","10":"product_tag-2-8-galon","11":"product_tag-8-l","12":"product_tag-8-litre","13":"product_tag-8-litre-metal","14":"product_tag-8-litre-metal-anti-bakteriyel","15":"product_tag-8-litre-metal-anti-bakteriyel-2-8","16":"product_tag-8-litre-metal-anti-bakteriyel-2-8-galon","17":"product_tag-8-litre-metal-anti-bakteriyel-2-8-galon-aritma","18":"product_tag-8-litre-metal-anti-bakteriyel-2-8-galon-aritma-cihazi","19":"product_tag-8-litre-metal-anti-bakteriyel-2-8-galon-aritma-cihazi-tanki","20":"product_tag-8-litre-metal-anti-bakteriyel-2-8-galon-aritma-cihazi-tanki-2","21":"product_tag-8-litre-metal-anti-bakteriyel-2-8-galon-aritma-cihazi-tanki-0094","22":"product_tag-8-litre-metal-anti-bakteriyel-2-8-galon-su","23":"product_tag-8-litre-metal-anti-bakteriyel-2-8-galon-su-2","24":"product_tag-8-litre-metal-anti-bakteriyel-2-8-galon-su-0094","25":"product_tag-8-litre-metal-anti-bakteriyel-2-8-galon-su-0094-2","26":"product_tag-8-litre-metal-anti-bakteriyel-2-8-galon-su-aritma","27":"product_tag-8-litre-metal-anti-bakteriyel-2-8-galon-su-aritma-2","28":"product_tag-8-litre-metal-anti-bakteriyel-2-8-galon-su-aritma-0094","29":"product_tag-8-litre-metal-anti-bakteriyel-2-8-galon-su-aritma-0094-2","30":"product_tag-8-litre-metal-anti-bakteriyel-2-8-galon-su-aritma-cihazi","31":"product_tag-8-litre-metal-anti-bakteriyel-2-8-galon-su-aritma-cihazi-2","32":"product_tag-8-litre-metal-anti-bakteriyel-2-8-galon-su-aritma-cihazi-0094","33":"product_tag-8-litre-metal-anti-bakteriyel-2-8-galon-su-aritma-cihazi-0094-2","34":"product_tag-8-litre-metal-anti-bakteriyel-2-8-galon-su-aritma-cihazi-tanki","35":"product_tag-8-litre-metal-anti-bakteriyel-2-8-galon-su-aritma-cihazi-tanki-2","36":"product_tag-8-litre-metal-anti-bakteriyel-2-8-galon-su-aritma-cihazi-tanki-0094","37":"product_tag-8-litre-metal-anti-bakteriyel-2-8-galon-su-aritma-cihazi-tanki-0094-2","38":"product_tag-8-litre-metal-anti-bakteriyel-2-8-galon-su-aritma-tanki","39":"product_tag-8-litre-metal-anti-bakteriyel-2-8-galon-su-aritma-tanki-2","40":"product_tag-8-litre-metal-anti-bakteriyel-2-8-galon-su-aritma-tanki-0094","41":"product_tag-8-litre-metal-anti-bakteriyel-2-8-galon-su-aritma-tanki-0094-2","42":"product_tag-8-litre-metal-anti-bakteriyel-2-8-galon-su-cihazi","43":"product_tag-8-litre-metal-anti-bakteriyel-2-8-galon-su-cihazi-2","44":"product_tag-8-litre-metal-anti-bakteriyel-2-8-galon-su-cihazi-0094","45":"product_tag-8-litre-metal-anti-bakteriyel-2-8-galon-su-cihazi-0094-2","46":"product_tag-8-litre-metal-anti-bakteriyel-2-8-galon-su-cihazi-tanki","47":"product_tag-8-litre-metal-anti-bakteriyel-2-8-galon-su-cihazi-tanki-2","48":"product_tag-8-litre-metal-anti-bakteriyel-2-8-galon-su-cihazi-tanki-0094","49":"product_tag-8-litre-metal-anti-bakteriyel-2-8-galon-su-cihazi-tanki-0094-2","50":"product_tag-8-litre-metal-anti-bakteriyel-2-8-galon-su-tanki","51":"product_tag-8-litre-metal-anti-bakteriyel-2-8-galon-su-tanki-2","52":"product_tag-8-litre-metal-anti-bakteriyel-2-8-galon-su-tanki-0094","53":"product_tag-8-litre-metal-anti-bakteriyel-2-8-galon-su-tanki-0094-2","54":"product_tag-genlesme","55":"product_tag-su-aritma-cihazi","56":"product_tag-tank","57":"product_tag-tanki","59":"first","60":"instock","61":"sale","62":"shipping-taxable","63":"purchasable","64":"product-type-simple"},"_links":{"self":[{"href":"https:\/\/anilcanbay.com\/hanedan\/wp-json\/wp\/v2\/product\/29093","targetHints":{"allow":["GET"]}}],"collection":[{"href":"https:\/\/anilcanbay.com\/hanedan\/wp-json\/wp\/v2\/product"}],"about":[{"href":"https:\/\/anilcanbay.com\/hanedan\/wp-json\/wp\/v2\/types\/product"}],"replies":[{"embeddable":true,"href":"https:\/\/anilcanbay.com\/hanedan\/wp-json\/wp\/v2\/comments?post=29093"}],"version-history":[{"count":1,"href":"https:\/\/anilcanbay.com\/hanedan\/wp-json\/wp\/v2\/product\/29093\/revisions"}],"predecessor-version":[{"id":29123,"href":"https:\/\/anilcanbay.com\/hanedan\/wp-json\/wp\/v2\/product\/29093\/revisions\/29123"}],"wp:featuredmedia":[{"embeddable":true,"href":"https:\/\/anilcanbay.com\/hanedan\/wp-json\/wp\/v2\/media\/29526"}],"wp:attachment":[{"href":"https:\/\/anilcanbay.com\/hanedan\/wp-json\/wp\/v2\/media?parent=29093"}],"wp:term":[{"taxonomy":"product_brand","embeddable":true,"href":"https:\/\/anilcanbay.com\/hanedan\/wp-json\/wp\/v2\/product_brand?post=29093"},{"taxonomy":"product_cat","embeddable":true,"href":"https:\/\/anilcanbay.com\/hanedan\/wp-json\/wp\/v2\/product_cat?post=29093"},{"taxonomy":"product_tag","embeddable":true,"href":"https:\/\/anilcanbay.com\/hanedan\/wp-json\/wp\/v2\/product_tag?post=29093"}],"curies":[{"name":"wp","href":"https:\/\/api.w.org\/{rel}","templated":true}]}}