{"id":29154,"date":"2026-04-01T19:58:23","date_gmt":"2026-04-01T16:58:23","guid":{"rendered":"https:\/\/anilcanbay.com\/hanedan\/?post_type=product&#038;p=29154"},"modified":"2026-04-06T21:45:10","modified_gmt":"2026-04-06T18:45:10","slug":"15-asama-hazir-montaj-kitli-9-litre-celik-tankli-maximineralli-kolay-kurulum-su-aritma-cihazi","status":"publish","type":"product","link":"https:\/\/anilcanbay.com\/hanedan\/product\/15-asama-hazir-montaj-kitli-9-litre-celik-tankli-maximineralli-kolay-kurulum-su-aritma-cihazi\/","title":{"rendered":"15 A\u015fama Haz\u0131r Montaj Kitli 9 Litre \u00c7elik Tankl\u0131 Maximineralli Kolay Kurulum Su Ar\u0131tma Cihaz\u0131"},"content":{"rendered":"<p>\u00c7e\u015fme suyunu do\u011fal mineral dengesini koruyarak ar\u0131tan, sadece \u015febeke suyu bas\u0131nc\u0131yla \u00e7al\u0131\u015fan ve elektrik gerektirmeyen 15 a\u015famal\u0131 filtreleme sistemine sahip, bu&nbsp;su ar\u0131tma cihaz\u0131n\u0131 tercih edin. Bu cihaz, sa\u011fl\u0131kl\u0131 ve lezzetli i\u00e7me suyu \u00fcretme konusunda y\u00fcksek performans\u0131 sunar.<\/p>\n<p>&nbsp;<\/p>\n<p>90 Gpd S\u00fcper Sar\u0131m Membran bulunmaktad\u0131r.<\/p>\n<p>Kurulum i\u00e7in videolar\u0131m\u0131z\u0131 izleyiniz.<\/p>\n<p>&nbsp;<\/p>\n<p><img decoding=\"async\" alt=\"\" src=\"https:\/\/static.ticimax.cloud\/63706\/\/uploads\/editoruploads\/images\/125548.jpg\" \/><\/p>\n","protected":false},"excerpt":{"rendered":"<p>Montaj kiti hediyeli su ar\u0131tma cihaz\u0131<\/p>\n","protected":false},"featured_media":29332,"comment_status":"open","ping_status":"closed","template":"","meta":{"inline_featured_image":false},"product_brand":[2850],"product_cat":[2830,2828,23],"product_tag":[2677,2678,2679,2680,2681,2682,2683,2684,2717,2718,2719,2720,2685,2714,2715,2716,2686,2699,2700,2701,2687,2692,2693,2694,2688,2689,2690,2691,2695,2696,2697,2698,2702,2707,2708,2709,2703,2704,2705,2706,2710,2711,2712,2713],"class_list":{"0":"post-29154","1":"product","2":"type-product","3":"status-publish","4":"has-post-thumbnail","6":"product_brand-h-max-reverse-osmosis-system","7":"product_cat-8-litre-pompasiz","8":"product_cat-kapali-kasa","9":"product_cat-su-aritma-cihazlari","10":"product_tag-15-asama","11":"product_tag-15-asama-hazir","12":"product_tag-15-asama-hazir-montaj","13":"product_tag-15-asama-hazir-montaj-kitli","14":"product_tag-15-asama-hazir-montaj-kitli-9","15":"product_tag-15-asama-hazir-montaj-kitli-9-litre","16":"product_tag-15-asama-hazir-montaj-kitli-9-litre-celik","17":"product_tag-15-asama-hazir-montaj-kitli-9-litre-celik-tankli","18":"product_tag-15-asama-hazir-montaj-kitli-9-litre-celik-tankli-kolay","19":"product_tag-15-asama-hazir-montaj-kitli-9-litre-celik-tankli-kolay-kurulum","20":"product_tag-15-asama-hazir-montaj-kitli-9-litre-celik-tankli-kolay-kurulum-su","21":"product_tag-15-asama-hazir-montaj-kitli-9-litre-celik-tankli-kolay-kurulum-su-aritma","22":"product_tag-15-asama-hazir-montaj-kitli-9-litre-celik-tankli-maximineralli","23":"product_tag-15-asama-hazir-montaj-kitli-9-litre-celik-tankli-maximineralli-aritma","24":"product_tag-15-asama-hazir-montaj-kitli-9-litre-celik-tankli-maximineralli-aritma-cihazi","25":"product_tag-15-asama-hazir-montaj-kitli-9-litre-celik-tankli-maximineralli-cihazi","26":"product_tag-15-asama-hazir-montaj-kitli-9-litre-celik-tankli-maximineralli-kolay","27":"product_tag-15-asama-hazir-montaj-kitli-9-litre-celik-tankli-maximineralli-kolay-aritma","28":"product_tag-15-asama-hazir-montaj-kitli-9-litre-celik-tankli-maximineralli-kolay-aritma-cihazi","29":"product_tag-15-asama-hazir-montaj-kitli-9-litre-celik-tankli-maximineralli-kolay-cihazi","30":"product_tag-15-asama-hazir-montaj-kitli-9-litre-celik-tankli-maximineralli-kolay-kurulum","31":"product_tag-15-asama-hazir-montaj-kitli-9-litre-celik-tankli-maximineralli-kolay-kurulum-aritma","32":"product_tag-15-asama-hazir-montaj-kitli-9-litre-celik-tankli-maximineralli-kolay-kurulum-aritma-cihazi","33":"product_tag-15-asama-hazir-montaj-kitli-9-litre-celik-tankli-maximineralli-kolay-kurulum-cihazi","34":"product_tag-15-asama-hazir-montaj-kitli-9-litre-celik-tankli-maximineralli-kolay-kurulum-su","35":"product_tag-15-asama-hazir-montaj-kitli-9-litre-celik-tankli-maximineralli-kolay-kurulum-su-aritma","36":"product_tag-15-asama-hazir-montaj-kitli-9-litre-celik-tankli-maximineralli-kolay-kurulum-su-aritma-cihazi","37":"product_tag-15-asama-hazir-montaj-kitli-9-litre-celik-tankli-maximineralli-kolay-kurulum-su-cihazi","38":"product_tag-15-asama-hazir-montaj-kitli-9-litre-celik-tankli-maximineralli-kolay-su","39":"product_tag-15-asama-hazir-montaj-kitli-9-litre-celik-tankli-maximineralli-kolay-su-aritma","40":"product_tag-15-asama-hazir-montaj-kitli-9-litre-celik-tankli-maximineralli-kolay-su-aritma-cihazi","41":"product_tag-15-asama-hazir-montaj-kitli-9-litre-celik-tankli-maximineralli-kolay-su-cihazi","42":"product_tag-15-asama-hazir-montaj-kitli-9-litre-celik-tankli-maximineralli-kurulum","43":"product_tag-15-asama-hazir-montaj-kitli-9-litre-celik-tankli-maximineralli-kurulum-aritma","44":"product_tag-15-asama-hazir-montaj-kitli-9-litre-celik-tankli-maximineralli-kurulum-aritma-cihazi","45":"product_tag-15-asama-hazir-montaj-kitli-9-litre-celik-tankli-maximineralli-kurulum-cihazi","46":"product_tag-15-asama-hazir-montaj-kitli-9-litre-celik-tankli-maximineralli-kurulum-su","47":"product_tag-15-asama-hazir-montaj-kitli-9-litre-celik-tankli-maximineralli-kurulum-su-aritma","48":"product_tag-15-asama-hazir-montaj-kitli-9-litre-celik-tankli-maximineralli-kurulum-su-aritma-cihazi","49":"product_tag-15-asama-hazir-montaj-kitli-9-litre-celik-tankli-maximineralli-kurulum-su-cihazi","50":"product_tag-15-asama-hazir-montaj-kitli-9-litre-celik-tankli-maximineralli-su","51":"product_tag-15-asama-hazir-montaj-kitli-9-litre-celik-tankli-maximineralli-su-aritma","52":"product_tag-15-asama-hazir-montaj-kitli-9-litre-celik-tankli-maximineralli-su-aritma-cihazi","53":"product_tag-15-asama-hazir-montaj-kitli-9-litre-celik-tankli-maximineralli-su-cihazi","55":"first","56":"instock","57":"sale","58":"shipping-taxable","59":"purchasable","60":"product-type-simple"},"_links":{"self":[{"href":"https:\/\/anilcanbay.com\/hanedan\/wp-json\/wp\/v2\/product\/29154","targetHints":{"allow":["GET"]}}],"collection":[{"href":"https:\/\/anilcanbay.com\/hanedan\/wp-json\/wp\/v2\/product"}],"about":[{"href":"https:\/\/anilcanbay.com\/hanedan\/wp-json\/wp\/v2\/types\/product"}],"replies":[{"embeddable":true,"href":"https:\/\/anilcanbay.com\/hanedan\/wp-json\/wp\/v2\/comments?post=29154"}],"version-history":[{"count":1,"href":"https:\/\/anilcanbay.com\/hanedan\/wp-json\/wp\/v2\/product\/29154\/revisions"}],"predecessor-version":[{"id":29184,"href":"https:\/\/anilcanbay.com\/hanedan\/wp-json\/wp\/v2\/product\/29154\/revisions\/29184"}],"wp:featuredmedia":[{"embeddable":true,"href":"https:\/\/anilcanbay.com\/hanedan\/wp-json\/wp\/v2\/media\/29332"}],"wp:attachment":[{"href":"https:\/\/anilcanbay.com\/hanedan\/wp-json\/wp\/v2\/media?parent=29154"}],"wp:term":[{"taxonomy":"product_brand","embeddable":true,"href":"https:\/\/anilcanbay.com\/hanedan\/wp-json\/wp\/v2\/product_brand?post=29154"},{"taxonomy":"product_cat","embeddable":true,"href":"https:\/\/anilcanbay.com\/hanedan\/wp-json\/wp\/v2\/product_cat?post=29154"},{"taxonomy":"product_tag","embeddable":true,"href":"https:\/\/anilcanbay.com\/hanedan\/wp-json\/wp\/v2\/product_tag?post=29154"}],"curies":[{"name":"wp","href":"https:\/\/api.w.org\/{rel}","templated":true}]}}